{"id":327,"date":"2020-07-17T13:53:43","date_gmt":"2020-07-17T11:53:43","guid":{"rendered":"https:\/\/meteojodoigne.be\/wp\/?page_id=327"},"modified":"2025-08-27T11:56:54","modified_gmt":"2025-08-27T09:56:54","slug":"images-par-satellite-benelux","status":"publish","type":"page","link":"https:\/\/meteojodoigne.be\/site\/images-par-satellite-benelux\/","title":{"rendered":"Images par Satellite BENELUX"},"content":{"rendered":"\n    \n    <section class=\"u-clearfix u-grey-90 u-section-2\" id=\"sec-3f52\">\n      <div class=\"u-clearfix u-sheet u-valign-middle-lg u-valign-middle-md u-valign-middle-sm u-valign-middle-xs u-sheet-1\">\n        <h5 class=\"u-text u-text-default u-text-1\">\n          <a href=\"https:\/\/meteojodoigne.be\/site\/index.php\/observations\/images-par-satellite\/images-par-satellite-benelux\">Images par Satellite: BENELUX  (visible)<\/a>\n        <\/h5>\n        <p class=\"u-text u-text-default u-text-2\">Ces photos sont r\u00e9alis\u00e9es par des satellites geo-stationnaires (36.000 km de la terre) Meteosat 8 et 9 exploit\u00e9s par Eumetsat, l'organisation Europ\u00e9enne de satellites m\u00e9t\u00e9orologiques qui regroupe \u00e0 ce jour, 36 Etats membres dont la Belgique.<br>\n          <br>L'image visible correspond \u00e0 ce que notre oeil pourrait percevoir en \u00e9tant \u00e0 l'altitude du satellite. Un nuage tr\u00e8s dense pourra donc se discerner facilement. Par exemple des cumulus, cumulonimbus, des stratus se verront de mani\u00e8re \u00e9vidente sur ce type d'image; par contre les nuages fins comme les cirrus se distingueront difficilement.<br>\n          <br>Pour votre information, une telle image n'est pas visible la nuit (il faut donc revenir \u00e0 l'infrarouge).<br>Vous trouverez ci-dessous<br>\n          <br>une animation qui est la combinaison entre le satellite et le radar,la quantit\u00e9 d'eau est repr\u00e9sent\u00e9e par une diff\u00e9rence de couleur  du bleu clair au rouge  (l\u00e9gende)  et les impacts de foudre sont repr\u00e9sent\u00e9s par les boules  de couleur jaune (source Buienradar). \n        <\/p>\n        <img decoding=\"async\" src=\"https:\/\/meteojodoigne.be\/site\/wp-content\/uploads\/2020\/07\/img_sat_BNL.png\" alt=\"\" class=\"u-image u-image-default u-image-1\" data-image-width=\"198\" data-image-height=\"37\">\n        <div class=\"u-clearfix u-custom-html u-expanded-width u-custom-html-1\">\n          <iframe loading=\"lazy\" src=\"https:\/\/modeles20.meteociel.fr\/satellite\/animsatsandvisirmtgne.gif\" scrolling=\"no\" width=\"800\" height=\"750\" frameborder=\"no\"><\/iframe>\n        <\/div>\n      <\/div>\n    <\/section>\n    <section class=\"u-clearfix u-section-3\" id=\"sec-3c44\">\n      <div class=\"u-clearfix u-sheet u-sheet-1\">\n        <p class=\"u-text u-text-default u-text-1\"> BROUILLARD SUR LE BENELUX L\u2019EST DE LA FRANCE; (meteociel et Meteosat 12)<\/p>\n        <div class=\"u-clearfix u-custom-html u-expanded-width u-custom-html-1\">\n          <iframe loading=\"lazy\" src=\"https:\/\/modeles20.meteociel.fr\/satellite\/animsatfogrgbmtgne.gif\" scrolling=\"no\" width=\"800\" height=\"750\" frameborder=\"no\"><\/iframe>\n        <\/div>\n      <\/div>\n    <\/section>\n    <section class=\"u-clearfix u-grey-90 u-section-4\" id=\"sec-9fb2\">\n      <div class=\"u-clearfix u-sheet u-sheet-1\">\n        <p class=\"u-text u-text-default u-text-1\">Voici&nbsp; une animation propos\u00e9e par \"Meteociel\", elle nous montre l'\u00e9volution des masses nuageuses sur la France et la Belgique dans le \"visible\".<\/p>\n        <div class=\"u-clearfix u-custom-html u-expanded-width u-custom-html-1\">\n          <iframe loading=\"lazy\" src=\"https:\/\/neige.meteociel.fr\/satellite\/anim_vis_fr.gif\" scrolling=\"no\" width=\"800\" height=\"750\" frameborder=\"no\"><\/iframe>\n        <\/div>\n      <\/div>\n    <\/section>\n    \n    \n    \n  \n","protected":false},"excerpt":{"rendered":"<p>Images par Satellite: BENELUX (visible) Ces photos sont r\u00e9alis\u00e9es par des satellites geo-stationnaires (36.000 km de la terre) Meteosat 8 et 9 exploit\u00e9s par Eumetsat, l&rsquo;organisation Europ\u00e9enne de satellites m\u00e9t\u00e9orologiques qui regroupe \u00e0 ce jour, 36 Etats membres dont la Belgique. L&rsquo;image visible correspond \u00e0 ce que notre oeil pourrait percevoir en \u00e9tant \u00e0 l&rsquo;altitude &hellip; <a href=\"https:\/\/meteojodoigne.be\/site\/images-par-satellite-benelux\/\" class=\"more-link\">Continue reading<span class=\"screen-reader-text\"> \u00ab\u00a0Images par Satellite BENELUX\u00a0\u00bb<\/span><\/a><\/p>\n","protected":false},"author":1,"featured_media":0,"parent":0,"menu_order":0,"comment_status":"closed","ping_status":"closed","template":"","meta":{"footnotes":""},"class_list":["post-327","page","type-page","status-publish","hentry"],"_links":{"self":[{"href":"https:\/\/meteojodoigne.be\/site\/wp-json\/wp\/v2\/pages\/327","targetHints":{"allow":["GET"]}}],"collection":[{"href":"https:\/\/meteojodoigne.be\/site\/wp-json\/wp\/v2\/pages"}],"about":[{"href":"https:\/\/meteojodoigne.be\/site\/wp-json\/wp\/v2\/types\/page"}],"author":[{"embeddable":true,"href":"https:\/\/meteojodoigne.be\/site\/wp-json\/wp\/v2\/users\/1"}],"replies":[{"embeddable":true,"href":"https:\/\/meteojodoigne.be\/site\/wp-json\/wp\/v2\/comments?post=327"}],"version-history":[{"count":14,"href":"https:\/\/meteojodoigne.be\/site\/wp-json\/wp\/v2\/pages\/327\/revisions"}],"predecessor-version":[{"id":1141,"href":"https:\/\/meteojodoigne.be\/site\/wp-json\/wp\/v2\/pages\/327\/revisions\/1141"}],"wp:attachment":[{"href":"https:\/\/meteojodoigne.be\/site\/wp-json\/wp\/v2\/media?parent=327"}],"curies":[{"name":"wp","href":"https:\/\/api.w.org\/{rel}","templated":true}]}}