{"id":859,"date":"2023-02-18T09:07:05","date_gmt":"2023-02-18T08:07:05","guid":{"rendered":"https:\/\/meteojodoigne.be\/site\/?page_id=859"},"modified":"2023-02-18T17:31:35","modified_gmt":"2023-02-18T16:31:35","slug":"clubastronomie","status":"publish","type":"page","link":"https:\/\/meteojodoigne.be\/site\/clubastronomie\/","title":{"rendered":"ClubAstronomie"},"content":{"rendered":"\n    \n    <section class=\"u-clearfix u-section-2\" id=\"sec-01ff\">\n      <div class=\"u-clearfix u-sheet u-sheet-1\">\n        <h5 class=\"u-text u-text-default u-text-1\">LA COULEUR DU CIEL POUR LES ASTRONOMES:<br>\n        <\/h5>\n        <div class=\"u-clearfix u-custom-html u-expanded-width u-custom-html-1\">\n          <a target=\"blank\" style=\"text-decoration:none;\" href=\"https:\/\/www.calendrier-lunaire.net\"><\/a>\n          <img decoding=\"async\" src=\"https:\/\/www.calendrier-lunaire.net\/module\/MWnJTVU52eXRjQmpFNjkwdnZMK3g3N1dmcFBuaU1MQldMNk15MEVFTUxUVzJwbDdURGVDek9EOTNhVitlZ29qZFB5b3IrWjQ4WHhGbitEb3Q1NTNkNFE9PQ.png\">\n        <\/div>\n        <div class=\"u-clearfix u-custom-html u-expanded-width u-custom-html-2\">\n          <iframe src=\"https:\/\/www.meteoblue.com\/en\/weather\/widget\/seeing\/jodoigne_belgium_2794895?geoloc=fixed&amp;noground=0\" scrolling=\"NO\" allowtransparency=\"true\" sandbox=\"allow-same-origin allow-scripts allow-popups allow-popups-to-escape-sandbox\" style=\"width: 520px; height: 753px\" frameborder=\"0\"><\/iframe>\n          <div><!-- DO NOT REMOVE THIS LINK -->\n            <a href=\"https:\/\/www.meteoblue.com\/en\/weather\/forecast\/seeing\/jodoigne_belgium_2794895?utm_source=weather_widget&amp;utm_medium=linkus&amp;utm_content=seeing&amp;utm_campaign=Weather%2BWidget\" target=\"_blank\" rel=\"noopener\">meteoblue<\/a>\n          <\/div>\n        <\/div>\n        <p class=\"u-text u-text-default u-text-2\"> L\u00e9gende&nbsp;: Observation du ciel.<br>\n          <br>Les passionn\u00e9s d\u2019astronomie s\u2019y retrouveront&nbsp;! Meteoblue offre la possibilit\u00e9 d\u2019observer le ciel dans de bonnes conditions m\u00e9t\u00e9orologiques. Outre la couverture nuageuse du ciel , la pollution lumineuse r\u00e9duit s\u00e9rieusement l\u2019observation des astres et souvent , elle \u00e9limine le ciel ancestral que nous avons connu et qui reste attach\u00e9 \u00e0 l\u2019\u00e9laboration de la mythologie et \u00e0 la culture en g\u00e9n\u00e9ral.<br>Vous trouverez dans ce tableau&nbsp;:<br>\n          <br>1. Une bonne visibilit\u00e9 au travers la couche nuageuse&nbsp;: nuages , bas, moyens, \u00e9lev\u00e9s est indiqu\u00e9e par une couleur bleu fonc\u00e9. La couverture nuageuse varie du bleu fonc\u00e9 (0%) au blanc (100 %) . Pour votre information les brouillards seront pr\u00e9cis\u00e9s dans nos pr\u00e9visions.<br>\n          <br>2. Les couches de turbulence de l\u2019atmosph\u00e8re peuvent r\u00e9duire la visibilit\u00e9 . On retrouve les indices de vision dans la colonne \u00ab&nbsp;Index&nbsp;\u00bb 1 et 2 . Ces indices vont de 1 (vision m\u00e9diocre) \u00e0 5 (vision excellente )<br>\n          <br>3. SI le jet stream d\u00e9passe une vitesse de 20 m\/s (72 km\/h) l\u2019indice de visibilit\u00e9 est alt\u00e9r\u00e9.<br>\n          <br>4. Les colonnes \u00ab&nbsp;Bad Layers&nbsp;\u00bb (Mauvaises couches )&nbsp;: si la valeur indiqu\u00e9e dans la colonne k\/100m , d\u00e9passe 0.5K\/km la couche est mauvaise.<br>\n          <br>5. Au sol , on retrouve la temp\u00e9rature en \u00b0 Celsius et l\u2019humidit\u00e9 relative en %.<br>\n          <br>6. Dans la colonne \u00ab&nbsp;Celestial bodies&nbsp;\u00bb (corps c\u00e9lestes, si on d\u00e9place le curseur de la souris sur le libell\u00e9 des corps , on aura pour chaque corps, les coordonn\u00e9es&nbsp;: azimut (AZ) , altitude (alt) ascension droite (RA) et d\u00e9clinaison (DEC).<br>\n          <br>Bonne observation au milieu des \u00e9toiles\n        <\/p>\n      <\/div>\n    <\/section>\n    \n    \n  \n","protected":false},"excerpt":{"rendered":"<p>LA COULEUR DU CIEL POUR LES ASTRONOMES: meteoblue L\u00e9gende&nbsp;: Observation du ciel. Les passionn\u00e9s d\u2019astronomie s\u2019y retrouveront&nbsp;! Meteoblue offre la possibilit\u00e9 d\u2019observer le ciel dans de bonnes conditions m\u00e9t\u00e9orologiques. Outre la couverture nuageuse du ciel , la pollution lumineuse r\u00e9duit s\u00e9rieusement l\u2019observation des astres et souvent , elle \u00e9limine le ciel ancestral que nous avons &hellip; <a href=\"https:\/\/meteojodoigne.be\/site\/clubastronomie\/\" class=\"more-link\">Continue reading<span class=\"screen-reader-text\"> \u00ab\u00a0ClubAstronomie\u00a0\u00bb<\/span><\/a><\/p>\n","protected":false},"author":1,"featured_media":0,"parent":0,"menu_order":0,"comment_status":"closed","ping_status":"closed","template":"","meta":{"footnotes":""},"class_list":["post-859","page","type-page","status-publish","hentry"],"_links":{"self":[{"href":"https:\/\/meteojodoigne.be\/site\/wp-json\/wp\/v2\/pages\/859","targetHints":{"allow":["GET"]}}],"collection":[{"href":"https:\/\/meteojodoigne.be\/site\/wp-json\/wp\/v2\/pages"}],"about":[{"href":"https:\/\/meteojodoigne.be\/site\/wp-json\/wp\/v2\/types\/page"}],"author":[{"embeddable":true,"href":"https:\/\/meteojodoigne.be\/site\/wp-json\/wp\/v2\/users\/1"}],"replies":[{"embeddable":true,"href":"https:\/\/meteojodoigne.be\/site\/wp-json\/wp\/v2\/comments?post=859"}],"version-history":[{"count":8,"href":"https:\/\/meteojodoigne.be\/site\/wp-json\/wp\/v2\/pages\/859\/revisions"}],"predecessor-version":[{"id":938,"href":"https:\/\/meteojodoigne.be\/site\/wp-json\/wp\/v2\/pages\/859\/revisions\/938"}],"wp:attachment":[{"href":"https:\/\/meteojodoigne.be\/site\/wp-json\/wp\/v2\/media?parent=859"}],"curies":[{"name":"wp","href":"https:\/\/api.w.org\/{rel}","templated":true}]}}